2)/12). Calculate the remainder when 2*14 + 0 + 1 is divided by ((-4)/f)/((-16)/(-96)).
5
Suppose -2*q + 22 = 2*h - 0*q, -4*h = -3*q - 16. Suppose 6*k - h*k + 8 = 0. Let n = -18 - -32. Calculate the remainder when n is divided by k.
6
Let l(m) = 2*m**2 - 17*m + 1. Let k be l(7). Let s = -3 - k. Calculate the remainder when 65 is divided by s.
14
Let i = -326 + 510. Calculate the remainder when i is divided by 19.
13
Suppose -4*q + 5*c = 7, 2*c = q - 3*q - 26. Calculate the remainder when 25 is divided by (q - -3 - -4)/(1/(-7)).
4
Let w be 43 - 1*(4 - 1). Let y = w - 27. Let j = 96 - 47. What is the remainder when j is divided by y?
10
Suppose 4*b + k = 7, 1 = 5*b + 4*k + 6. Suppose -d - 403 = -6*d - 2*s, b*s = 2*d - 146. Calculate the remainder when d is divided by 27.
25
Let v(c) = -8*c + 3. Suppose -2*g + g + 11 = 3*z, z + 11 = -4*g. Let x = 185 - 166. What is the remainder when v(g) is divided by x?
16
Suppose -2*l + 199 = -7*y + 4*y, 0 = -4*y + 20. Let m = -30 + l. Calculate the remainder when m is divided by 40.
37
Suppose -5*l = 3*b + 96, -5*b + 2 - 66 = 3*l. Let t = 28 + l. Calculate the remainder when 39 is divided by t.
9
Let s(m) = 61*m**2 + 20*m - 1. What is the remainder when 115 is divided by s(-1)?
35
Let p(g) = -1213*g**3 + 2*g**2 - 2*g - 2. Calculate the remainder when p(-1) is divided by 19.
18
What is the remainder when 1091 is divided by (333/148)/(-3 - (-27)/8)?
5
Let b = 65 - -56. Let l = 7 - -24. What is the remainder when b is divided by l?
28
Suppose -5*h + 5*t = -350, -6*h + 2*t - 185 = -9*h. Calculate the remainder when 335 is divided by h.
10
Let s = 1203 + -1078. What is the remainder when s is divided by 9?
8
Suppose 2*h - 96 = 5*s, -h + 2*s - 106 = -4*h. Let k = 75 - h. What is the remainder when 145 is divided by k?
34
Let v be ((-36)/(-16))/(3/(-16)). Let f = -10 - v. Suppose 3*u + 4*t = 0, -u + 3*t + f + 11 = 0. What is the remainder when 10 is divided by u?
2
Suppose 5*w + 50 = 3*w. Suppose 0 = h - 3*h - 12. Let c = h - w. What is the remainder when c is divided by 11?
8
Let u(b) = -3*b**3 - 2*b**2 + b + 1. Let q be u(-2). Suppose 4*z - 309 = -3*i - 30, 0 = -5*i - q. What is the remainder when z is divided by 25?
22
Suppose -m + 100 + 8 = 0. Calculate the remainder when m is divided by 10.
8
Calculate the remainder when (0 + (-29)/2)*(632 + -646) is divided by 31.
17
Let j(y) = y**2 + 8*y + 12. Let n = 16 - 23. Calculate the remainder when j(n) is divided by 4.
1
Suppose -2*j - 10 + 52 = 0. Suppose -23*u + 12*u - 1485 = 0. Let d = -94 - u. What is the remainder when d is divided by j?
20
Suppose 2*j - 12 = -3*j + 3*c, -c - 4 = 4*j. Suppose j = 5*t + 2*q - 179, -4*t = -7*t + q + 114. Calculate the remainder when t is divided by 15.
7
Let k(o) = -3*o**2 - 9*o. Let s be k(-6). Suppose 5*d + v + 6 = 0, 0 = d - 5*v + v + 18. What is the remainder when 0 - (-2 + s + d) is divided by 20?
18
Suppose 93 = 6*g - 69. Let m = g + 0. Calculate the remainder when 80 is divided by m.
26
Let s(h) = h**2 - 19*h + 24. Let x be s(18). Suppose 2*l = x*l + 4, 2*l - 58 = -4*f. What is the remainder when 58 is divided by f?
13
Let n(s) = 3 + s - 2*s + 2*s. Let a be n(0). Suppose 0 = 6*w - a*w - 219. Calculate the remainder when w is divided by 19.
16
Let h = -3026 - -3117. What is the remainder when 203 is divided by h?
21
Let h = 12 + -16. Let n(p) = -p**3 - 7*p**2 - 6*p - 7. Let t be n(h). Let v = -26 - t. Calculate the remainder when 19 is divided by v.
4
Let h(j) = -j**3 - 17*j**2 - 34*j - 216. Calculate the remainder when h(-16) is divided by 64.
8
Let s(a) = -a**2 + 13*a - 12. Let y be s(12). Let b = -451 + 701. Suppose y*m = -2*m + b. Calculate the remainder when m is divided by 32.
29
Let g(b) = -51*b**3 - 9*b - 8. What is the remainder when 1143 is divided by g(-1)?
51
Let s = -287 - -293. What is the remainder when (2 - -1)*22/3 is divided by s?
4
Let s(o) = -o**2 + 18*o - 43. What is the remainder when 38 is divided by s(14)?
12
Suppose -5*p = -0*p - r - 236, -248 = -5*p - 2*r. What is the remainder when 187 is divided by p?
43
Let v = -20 - 16. Let s be (-28)/(-3)*(-150)/20. Let f = v - s. Calculate the remainder when f is divided by 18.
16
Suppose -5*s - 8 + 23 = 0, 0 = -5*v + 4*s + 3. Suppose 0*t = v*t - 6. Let c = 237 - 232. What is the remainder when c is divided by t?
1
Suppose 0 = d - f - 4, d - 2 - 14 = -5*f. Suppose -4*t + d*t = 4. Let w = 7 - 3. Calculate the remainder when w is divided by t.
0
Let z(w) = -w - 7. Let c = -20 - -10. Suppose 4*m - 2*a = m + 3, -3*m - 3*a = -18. What is the remainder when z(c) is divided by m?
0
Let w(h) = -h**3 - 2*h**2 + 3. Let u be w(0). Suppose 4*v - 2*m - 30 = 0, 3 = u*m - 6. Suppose -4*p - 10 + 70 = 0. What is the remainder when p is divided by v?
6
Let k(r) = -2*r**2 - 23*r + 75. Calculate the remainder when 123 is divided by k(-12).
60
Let k = 13 - -7. Suppose -41 = -3*r - c, -4*r + 2*c + 26 = -r. Calculate the remainder when k is divided by r.
8
Suppose 2*s = -0*s - 6. Let t = 0 - s. Suppose -3*g + 3*h + 17 = h, 0 = -5*g + t*h + 27. Calculate the remainder when 11 is divided by g.
2
Let l = -196 - -1175. Calculate the remainder when l is divided by 70.
69
Let w(t) = -t**3 + 20*t**2 - 41*t + 113. What is the remainder when 38 is divided by w(18)?
15
Suppose 0 = -c + 3. Suppose 348 = c*a + i + 2*i, -4*i = -4*a + 488. Suppose -4*s - 3*h + a = 37, 8 = 4*h. Calculate the remainder when s is divided by 11.
8
Let w(y) = 3*y**2 + 5*y - 8. Calculate the remainder when 162 is divided by w(-5).
36
Let v = -136 - -284. What is the remainder when v is divided by 15?
13
Let r = 5 + -4. Calculate the remainder when 5/(-25) - 32/(-10) is divided by r.
0
Suppose 0 = 5*c + 2*m - 52, 52 = 2*c - 5*m + 8. Calculate the remainder when 81 is divided by c.
9
Let k(v) = -v**2 + 22*v + 4. Let b(q) = q**2. Let m(o) = -3*b(o) - k(o). Calculate the remainder when 30 is divided by m(-10).
14
Let q = 29 - 12. Let h = 5396 + -5263. What is the remainder when h is divided by q?
14
Let w = -24 - -29. Suppose b = 4*r - 4 - 6, 3*r - w*b + 1 = 0. What is the remainder when (18/(-12))/(3/(-8)) is divided by r?
1
Suppose -4*b + 38 = 6*n - 4*n, -2*n - 58 = -4*b. What is the remainder when 33 is divided by b?
9
What is the remainder when 101 is divided by 3/(-9) - 1496/(-51) - -3?
5
Suppose -5*c + 128 = -2*q, 12*c + 51 = -q + 8*c. Let a = 82 + q. Calculate the remainder when a is divided by 3/12 + 102/8.
10
Suppose -807 = -3*r - 711. Calculate the remainder when r is divided by 19.
13
What is the remainder when 608 is divided by (-5352)/(-88) - (-4)/22?
59
Let y(d) = d**2 - 3*d - 8. Let g be y(7). Let f = -13 + g. Suppose -p = a - 3*p - 12, a = -2*p + 8. Calculate the remainder when a is divided by f.
3
Suppose -3*g = 3*g + 366. Let y = g + 69. Let c = -25 + 42. Calculate the remainder when c is divided by y.
1
Let j(u) = u**2 + 3*u + 35. What is the remainder when j(0) is divided by 6?
5
Let h = -212 - -263. Calculate the remainder when h is divided by 32.
19
Suppose 0 = -25*i + 28*i - 285. What is the remainder when i is divided by 14?
11
Let a = 95 - 54. Let s(w) = 2*w**2 - 20*w + 62. What is the remainder when a is divided by s(4)?
13
Suppose 0 = 3*w + 2 - 44. Let p(c) = -c**3 + 18*c**2 - 17*c - 4. Let j be p(17). Calculate the remainder when (-840)/(-16) + j/8 is divided by w.
10
Let f(z) = z**2 + 7*z - 11. Let q be f(-8). Let o = -8 - q. Calculate the remainder when 40 is divided by (-138)/(-10) - 1/o.
12
Suppose 0 = -3*g - 1 + 10. Suppose -h + g*h - 136 = 0. What is the remainder when h is divided by 21 - ((-16)/32)/((-1)/(-4))?
22
Let i = -122 - -126. What is the remainder when (-75152)/(-476) - i/(-34) is divided by 18?
14
Suppose 4*q = 10*q - 1434. What is the remainder when q is divided by 6?
5
Let k = 146 + -137. Suppose 2*i = -2*f + 14, -i - 9 = 4*f - 25. Suppose 2*w - 2*y = 3*y + 25, -4 = -i*y. Calculate the remainder when w is divided by k.
6
Let l(j) = 3*j**2 - 18*j - 134. What is the remainder when 427 is divided by l(13)?
10
Let x(f) = 2*f - 14. Let o = -28 + 41. Calculate the remainder when 29 is divided by x(o).
5
Suppose -4*g + 7*m = 8*m - 62, -3*g = -5*m - 35. Calculate the remainder when 22 is divided by g.
7
Suppose 6*w - 10 = w. Let t be 19*2 - (5 - w). Calculate the remainder when (